hundreds digit of 587505?
5
What is the ten thousands digit of 273069?
7
What is the tens digit of 1313759?
5
What is the hundreds digit of 753886?
8
What is the hundred thousands digit of 332968?
3
What is the thousands digit of 8833337?
3
What is the thousands digit of 3696173?
6
What is the thousands digit of 9736287?
6
What is the hundred thousands digit of 683718?
6
What is the units digit of 275135?
5
What is the hundred thousands digit of 308209?
3
What is the tens digit of 56287?
8
What is the tens digit of 2292806?
0
What is the tens digit of 225536?
3
What is the hundreds digit of 11771839?
8
What is the hundred thousands digit of 7530024?
5
What is the hundred thousands digit of 440527?
4
What is the hundred thousands digit of 7842653?
8
What is the thousands digit of 3723343?
3
What is the ten thousands digit of 7109986?
0
What is the ten millions digit of 25993339?
2
What is the hundred thousands digit of 149614?
1
What is the hundred thousands digit of 42366292?
3
What is the tens digit of 650563?
6
What is the units digit of 146271?
1
What is the tens digit of 11279276?
7
What is the tens digit of 87037?
3
What is the tens digit of 5673045?
4
What is the ten thousands digit of 991103?
9
What is the hundred thousands digit of 4294395?
2
What is the tens digit of 2288729?
2
What is the hundreds digit of 890855?
8
What is the units digit of 809987?
7
What is the thousands digit of 976262?
6
What is the hundred thousands digit of 7169580?
1
What is the hundred thousands digit of 5318783?
3
What is the tens digit of 1094185?
8
What is the units digit of 8710233?
3
What is the thousands digit of 2131151?
1
What is the millions digit of 1384332?
1
What is the ten thousands digit of 2599291?
9
What is the ten thousands digit of 19211216?
1
What is the thousands digit of 500486?
0
What is the tens digit of 1045472?
7
What is the millions digit of 43707289?
3
What is the hundreds digit of 6964811?
8
What is the millions digit of 23866292?
3
What is the ten thousands digit of 8143654?
4
What is the hundred thousands digit of 121893?
1
What is the millions digit of 19718474?
9
What is the thousands digit of 314442?
4
What is the ten thousands digit of 3749012?
4
What is the ten thousands digit of 163320?
6
What is the tens digit of 5382?
8
What is the units digit of 136469?
9
What is the hundreds digit of 6188803?
8
What is the ten thousands digit of 6479764?
7
What is the thousands digit of 97666?
7
What is the tens digit of 5542272?
7
What is the hundreds digit of 516364?
3
What is the millions digit of 3156471?
3
What is the thousands digit of 158573?
8
What is the units digit of 7949258?
8
What is the hundreds digit of 126453?
4
What is the thousands digit of 2346463?
6
What is the hundreds digit of 304500?
5
What is the units digit of 7187190?
0
What is the hundreds digit of 407824?
8
What is the ten thousands digit of 11990886?
9
What is the tens digit of 497339?
3
What is the units digit of 24524223?
3
What is the ten thousands digit of 72274?
7
What is the hundreds digit of 86758?
7
What is the ten thousands digit of 4896053?
9
What is the ten thousands digit of 5119778?
1
What is the hundreds digit of 15449063?
0
What is the ten thousands digit of 4511681?
1
What is the tens digit of 11490226?
2
What is the thousands digit of 286602?
6
What is the tens digit of 4119978?
7
What is the hundred thousands digit of 5783298?
7
What is the units digit of 308837?
7
What is the hundreds digit of 360108?
1
What is the tens digit of 297314?
1
What is the thousands digit of 4650711?
0
What is the millions digit of 4763731?
4
What is the thousands digit of 319148?
9
What is the ten thousands digit of 8390279?
9
What is the tens digit of 25900711?
1
What is the hundreds digit of 70159?
1
What is the tens digit of 580639?
3
What is the units digit of 8977609?
9
What is the tens digit of 796061?
6
What is the units digit of 3320407?
7
What is the hundred thousands digit of 8935362?
9
What is the ten thousands digit of 224033?
2
What is the thousands digit of 746919?
6
What is the hundred thousands digit of 28191193?
1
What is the hundreds digit of 1864829?
8
What is the hundreds digit of 10901618?
6
What is the ten thousands digit of 7112867?
1
What is the tens digit of 168911?
1
What is the hundreds digit of 174339?
3
What is the tens digit of 214853?
5
What is the units digit of 3802?
2
What is the millions digit of 16175875?
6
What is the thousands digit of 390165?
0
What is the hundred thousands digit of 14582212?
5
What is the units digit of 1158447?
7
What is the thousands digit of 156656?
6
What is the ten thousands digit of 1604809?
0
What is the millions digit of 13650274?
3
What is the hundred thousands digit of 9187573?
1
What is the millions digit of 1700974?
1
What is the hundreds digit of 16006224?
2
What is the hundreds digit of 303588?
5
What is the hundred thousands digit of 1677040?
6
What is the hundreds digit of 1804184?
1
What is the thousands digit of 352435?
2
What is the ten thousands digit of 83702?
8
What is the tens digit of 7044198?
9
What is the hundred thousands digit of 1810806?
8
What is the hundreds digit of 233418?
4
What is the units digit of 93789?
9
What is the ten thousands digit of 486415?
8
What is the hundred thousands digit of 5639403?
6
What is the millions digit of 9423874?
9
What is the thousands digit of 382941?
2
What is the hundred thousands digit of 959971?
9
What is the hundred thousands digit of 174273?
1
What is the hundred thousands digit of 7271448?
2
What is the thousands digit of 12218949?
8
What is the tens digit of 495135?
3
What is the ten thousands digit of 236474?
3
What is the ten thousands digit of 233063?
3
What is the millions digit of 1201269?
1
What is the thousands digit of 10939560?
9
What is the millions digit of 8089326?
8
What is the hundreds digit of 15619987?
9
What is the ten thousands digit of 1555410?
5
What is the hundreds digit of 678543?
5
What is the hundreds digit of 1890310?
3
What is the millions digit of 11286523?
1
What is the millions digit of 2585334?
2
What is the tens digit of 146588?
8
What is the millions digit of 18122979?
8
What is the tens digit of 764555?
5
What is the tens digit of 7636423?
2
What is the ten thousands digit of 12818437?
1
What is the ten thousands digit of 21618553?
1
What is the thousands digit of 4579791?
9
What is the ten thousands digit of 1806639?
0
What is the tens digit of 652622?
2
What is the units digit of 2553406?
6
What is the millions digit of 3237064?
3
What is the millions digit of 6108395?
6
What is the millions digit of 5536805?
5
What is the ten thousands digit of 3033752?
3
What is the ten millions digit of 30007486?
3
What is the hundreds digit of 18764?
7
What is the units digit of 2097768?
8
What is the thousands digit of 601505?
1
What is the hundreds digit of 1383105?
1
What is the hundred thousands digit of 14639540?
6
What is the tens digit of 1004445?
4
What is the millions digit of 1404383?
1
What is the tens digit of 1064707?
0
What is the units digit of 8465171?
1
What is the thousands digit of 2225031?
5
What is the tens digit of 652?
5
What is the units digit of 199981?
1
What is the units digit of 2090736?
6
What is the thousands digit of 27391449?
1
What is the units digit of 2454624?
4
What is the thousands digit of 479690?
9
What is the hundreds digit of 3789560?
5
What is the units digit of 258008?
8
What is the thousands digit of 7337529?
7
What is the tens digit of 195006?
0
What is the hundred thousands digit of 1289755?
2
What is the hundreds digit of 1615498?
4
What is the ten thousands digit of 237952?
3
What is the tens digit of 93012?
1
What is the hundreds digit of 179213?
2
What is the ten millions digit of 16999243?
1
What is the tens digit of 138873?
7
What is the ten thousands digit of 375769?
7
What is the units digit of 233812?
2
What is the ten thousands digit of 17614001?
1
What is the tens digit of 173194?
9
What is the hundred thousands digit of 2413190?
4
What is the ten millions digit of 12252725?
1
What is the units digit of 3620756?
6
What is the tens digit of 15541?
4
What is the hundred thousands digit of 18409978?
4
What is the hundreds digit of 22225110?
1
What is the